se
Is 364 a multiple of 15?
False
Is 25 a factor of 60143?
False
Is 9408 a multiple of 224?
True
Does 66 divide 20668?
False
Does 12 divide 89177?
False
Does 28 divide 48317?
False
Does 3 divide 66?
True
Is 893 a multiple of 11?
False
Is 161 a factor of 70528?
False
Does 11 divide 25927?
True
Does 52 divide 624?
True
Is 45 a factor of 1348?
False
Does 16 divide 6856?
False
Is 8 a factor of 776?
True
Does 43 divide 6063?
True
Does 72 divide 44856?
True
Is 2210 a multiple of 17?
True
Is 21 a factor of 19233?
False
Does 59 divide 107?
False
Does 13 divide 7875?
False
Does 8 divide 100?
False
Is 750 a multiple of 6?
True
Is 49 a factor of 340?
False
Is 4 a factor of 256?
True
Is 3 a factor of 386?
False
Does 27 divide 756?
True
Is 30 a factor of 7460?
False
Is 111 a factor of 3108?
True
Is 6194 a multiple of 75?
False
Is 4 a factor of 429?
False
Does 14 divide 6501?
False
Is 666 a multiple of 111?
True
Is 305 a multiple of 5?
True
Is 13406 a multiple of 22?
False
Is 721 a multiple of 7?
True
Is 11 a factor of 530?
False
Is 11 a factor of 4070?
True
Is 2265 a multiple of 12?
False
Is 8644 a multiple of 4?
True
Does 81 divide 283?
False
Is 3296 a multiple of 18?
False
Is 99 a factor of 792?
True
Is 41 a factor of 4021?
False
Is 5049 a multiple of 33?
True
Does 14 divide 406?
True
Does 17 divide 204?
True
Is 435 a multiple of 12?
False
Does 17 divide 2669?
True
Does 11 divide 799?
False
Does 15 divide 30760?
False
Is 56834 a multiple of 151?
False
Is 54 a factor of 54?
True
Is 43231 a multiple of 25?
False
Is 3 a factor of 98?
False
Does 158 divide 898?
False
Is 12 a factor of 20851?
False
Is 6555 a multiple of 6?
False
Does 52 divide 312?
True
Is 425 a multiple of 16?
False
Is 108 a factor of 8723?
False
Does 6 divide 1164?
True
Is 22 a factor of 18592?
False
Is 1890 a multiple of 7?
True
Is 2730 a multiple of 26?
True
Does 25 divide 5700?
True
Is 3080 a multiple of 8?
True
Does 9 divide 666?
True
Does 25 divide 4675?
True
Is 3 a factor of 306?
True
Is 976 a multiple of 61?
True
Is 10042 a multiple of 160?
False
Is 1278 a multiple of 71?
True
Does 15 divide 225?
True
Is 148 a multiple of 3?
False
Is 63210 a multiple of 30?
True
Does 9 divide 1224?
True
Is 40 a factor of 9887?
False
Is 902 a multiple of 41?
True
Does 13 divide 585?
True
Does 159 divide 42294?
True
Is 36 a factor of 612?
True
Is 13420 a multiple of 10?
True
Does 27 divide 88?
False
Is 8863 even?
False
Is 28 a factor of 45164?
True
Is 30241 a multiple of 257?
False
Does 10 divide 115?
False
Is 15980 a multiple of 94?
True
Is 133 a factor of 3724?
True
Is 65 a factor of 801?
False
Is 84 a multiple of 2?
True
Does 11 divide 22?
True
Is 11 a factor of 1364?
True
Is 151 a multiple of 3?
False
Does 90 divide 3420?
True
Does 70 divide 21490?
True
Is 56 a factor of 1736?
True
Does 71 divide 10366?
True
Is 2 a factor of 1971?
False
Is 5396 a multiple of 146?
False
Is 12284 a multiple of 166?
True
Is 24 a factor of 12385?
False
Is 87393 a multiple of 123?
False
Is 1689 a multiple of 14?
False
Is 5 a factor of 270?
True
Is 5382 a multiple of 9?
True
Is 21641 a multiple of 17?
True
Does 10 divide 3236?
False
Is 1918 a multiple of 14?
True
Is 2429 a multiple of 34?
False
Is 21 a multiple of 7?
True
Is 12 a factor of 1055?
False
Is 15 a factor of 341?
False
Is 4853 a multiple of 44?
False
Does 18 divide 1534?
False
Does 9 divide 28?
False
Is 17 a factor of 12690?
False
Does 19 divide 475?
True
Is 2060 a multiple of 20?
True
Is 138 a factor of 2100?
False
Does 10 divide 560?
True
Does 31 divide 104?
False
Is 16 a factor of 64?
True
Is 51 a factor of 6709?
False
Is 3897 a multiple of 14?
False
Is 2585 a multiple of 47?
True
Is 66 a factor of 52337?
False
Is 2 a factor of 15?
False
Is 32 a multiple of 4?
True
Is 93 a factor of 4725?
False
Is 32110 a multiple of 65?
True
Is 36 a factor of 2871?
False
Is 5 a factor of 635?
True
Is 2631 a multiple of 26?
False
Does 5 divide 2070?
True
Is 3398 a multiple of 3?
False
Is 258 a factor of 42327?
False
Is 12 a factor of 4299?
False
Is 56 a factor of 38242?
False
Does 12 divide 252?
True
Does 10 divide 5750?
True
Is 29245 a multiple of 14?
False
Is 14 a factor of 103?
False
Is 63 a factor of 89834?
False
Is 12597 a multiple of 79?
False
Is 140 a multiple of 4?
True
Is 8200 a multiple of 164?
True
Does 14 divide 497?
False
Is 212 a factor of 66171?
False
Is 16 a factor of 1360?
True
Is 120 a factor of 842?
False
Is 1102 a multiple of 58?
True
Is 16 a factor of 5344?
True
Does 13 divide 88?
False
Is 4802 a multiple of 10?
False
Is 10590 a multiple of 88?
False
Does 19 divide 27009?
False
Is 2331 a multiple of 7?
True
Does 29 divide 58?
True
Does 8 divide 10428?
False
Is 18 a factor of 180?
True
Does 66 divide 1056?
True
Is 569 a multiple of 23?
False
Is 10 a factor of 21959?
False
Is 688 a multiple of 86?
True
Is 4601 a multiple of 107?
True
Is 5 a factor of 2946?
False
Is 9 a factor of 1971?
True
Does 24 divide 1764?
False
Is 5 a factor of 300?
True
Is 8949 a multiple of 3?
True
Is 476 a multiple of 68?
True
Is 2991 a multiple of 18?
False
Does 7 divide 13001?
False
Is 39112 a multiple of 7?
False
Is 2478 a multiple of 21?
True
Does 35 divide 735?
True
Does 71 divide 1097?
False
Is 5 a factor of 89?
False
Is 60 a factor of 1618?
False
Is 4 a factor of 14517?
False
Is 2113 a multiple of 137?
False
Does 21 divide 12220?
False
Does 9 divide 40852?
False
Is 16544 a multiple of 47?
True
Is 36 a multiple of 6?
True
Is 35 a factor of 51328?
False
Is 13 a factor of 24477?
False
Does 32 divide 1649?
False
Is 1212 a multiple of 12?
True
Is 1750 a multiple of 35?
True
Does 2 divide 20391?
False
Does 50 divide 2600?
True
Is 23 a factor of 805?
True
Is 4094 a multiple of 33?
False
Does 5 divide 100?
True
Is 32 a factor of 1017?
False
Is 4 a factor of 184?
True
Does 5 divide 5540?
True
Does 50 divide 2400?
True
Is 25 a factor of 1350?
True
Does 18 divide 66?
False
Does 67 divide 201?
True
Is 7 a factor of 203?
True
Does 114 divide 4902?
True
Is 4088 a multiple of 56?
True
Does 25 divide 7214?
False
Does 36 divide 4464?
True
Is 18738 a multiple of 14?
False
Is 14 a factor of 1054?
False
Is 81 a factor of 8408?
False
Is 17 a factor of 204?
True
Is 665 a multiple of 50?
False
Is 2068 a multiple of 47?
True
Is 68 a factor of 1210?
False
Is 31 a factor of 682?
True
Does 14 divide 1232?
True
Does 17 divide 8534?
True
Is 1482 a multiple of 39?
True
Does 20 divide 3761?
False
Is 96 a factor of 5641?
False
Is 408 a multiple of 68?
True
Is 286 a multiple of 2?
True
Is 8531 a multiple of 19?
True
Is 446 even?
True
Is 2765 a multiple of 7?
True
Is 65136 a multiple of 194?
False
Is 7 a factor of 562?
False
Does 54 divide 22734?
True
Is 30 a factor of 50993?
False
Does 61 divide 5429?
True
Does 33 divide 43426?
False
Is 10 a factor of 50?
True
Is 10 a factor of 1550?
True
Is 3785 even?
False
Is 61 a factor of 10049?
False
Is 107 a multiple of 3?
False
Is 42 a factor of 546?
True
Is 8914 a multiple of 135?
False
Is 12 a factor of 12996?
True
Is 21 a factor of 21409?
False
Is 30 a factor of 3870?
True
Is 85 a factor of 596?
False
Is 73 a factor of 55699?
True
Is 1135 a multiple of 18?
False
Does 23 divide 11017?
True
Does 31 divide 24252?
False
Does 8 divide 5415?
False
Is 42 a factor of 688?
False
Is 35 a factor of 20615?
True
Is 237 a multiple of 81?
False
Does 7 divide 1124?
False
Does 14 divide 17082?
False
Is 49 a factor of 10143?
True
Does 20 divide 1580?
True
Is 2100 a multiple of 15?
True
Is 10035 a multiple of 12?
False
Does 3 divide 378?
True
Is 5 a factor of 1825?
True
Is 21 a factor of 810?
False
Does 88 divide 14872?
True
Is 5415 a multiple of 95?
True
Is 317 a multiple of 29?
False
Does 65 divide 3900?
True
Is 106 a factor of 10205?
False
Does 4 divide 898?
False
Is 33 a factor of 3494?
False
Does 13 divide 364?
True
Does 117 divide 7722?
True
Is 4 a factor of 2884?
True
Is 5822 a multiple of 15?
False
Does 32 divide 7008?
True
Is 20 a factor of 740?
True
Is 834 a multiple of 13?
False
Does 11 divide 3014?
True
Is 7057 a multiple of 14?
False
Is 56 a factor of 32589?
False
Is 32 a factor of 192?
True
Is 1964 a multiple of 27?
False
Does 13 divide 1063?
False
Is 28216 a multiple of 17?
False
Is 17787 a multiple of 77?
True
Does 15 divide 5675?
False
Is 9 a factor of 11169?
